{"id":1872,"date":"2019-12-19T14:00:18","date_gmt":"2019-12-19T13:00:18","guid":{"rendered":"https:\/\/elenafortuny.com\/?post_type=portfolio_page&#038;p=1872"},"modified":"2023-10-06T13:04:15","modified_gmt":"2023-10-06T11:04:15","slug":"la-debil-mental","status":"publish","type":"obras","link":"https:\/\/elenafortuny.com\/ca\/obres\/la-debil-mental\/","title":{"rendered":"La d\u00e9bil mental"},"author":3,"featured_media":1970,"template":"","produccion":[],"class_list":["post-1872","obras","type-obras","status-publish","has-post-thumbnail","hentry"],"acf":[],"yoast_head":"<!-- This site is optimized with the Yoast SEO plugin v27.4 - https:\/\/yoast.com\/product\/yoast-seo-wordpress\/ -->\n<title>La d\u00e9bil mental - Elena Fortuny<\/title>\n<meta name=\"description\" content=\"La d\u00e9bil mental de Ariana Harwicz Dramaturgia Alfredo Alonso y Ariana HarwiczDirecci\u00f3n Elena FortunyInterpretaciones Isabelle Bres y Flor BraierAsistencia esc\u00e9nica Carla UfanoDise\u00f1o de iluminaci\u00f3n y sonido Elena FortunyT\u00e9cnico V\u00edctor GarciaDirecci\u00f3n de producci\u00f3n Cristina OsornoProducci\u00f3n ejecutiva Carla UfanoUna producci\u00f3n de CASA AM\u00c8RICA CATALUNYA KM AM\u00c9RICA 2022\" \/>\n<meta name=\"robots\" content=\"index, follow, max-snippet:-1, max-image-preview:large, max-video-preview:-1\" \/>\n<link rel=\"canonical\" href=\"https:\/\/elenafortuny.com\/ca\/obras\/la-debil-mental\/\" \/>\n<meta property=\"og:locale\" content=\"ca_ES\" \/>\n<meta property=\"og:type\" content=\"article\" \/>\n<meta property=\"og:title\" content=\"La d\u00e9bil mental - Elena Fortuny\" \/>\n<meta property=\"og:description\" content=\"La d\u00e9bil mental de Ariana Harwicz Dramaturgia Alfredo Alonso y Ariana HarwiczDirecci\u00f3n Elena FortunyInterpretaciones Isabelle Bres y Flor BraierAsistencia esc\u00e9nica Carla UfanoDise\u00f1o de iluminaci\u00f3n y sonido Elena FortunyT\u00e9cnico V\u00edctor GarciaDirecci\u00f3n de producci\u00f3n Cristina OsornoProducci\u00f3n ejecutiva Carla UfanoUna producci\u00f3n de CASA AM\u00c8RICA CATALUNYA KM AM\u00c9RICA 2022\" \/>\n<meta property=\"og:url\" content=\"https:\/\/elenafortuny.com\/ca\/obras\/la-debil-mental\/\" \/>\n<meta property=\"og:site_name\" content=\"Elena Fortuny\" \/>\n<meta property=\"article:modified_time\" content=\"2023-10-06T11:04:15+00:00\" \/>\n<meta property=\"og:image\" content=\"https:\/\/elenafortuny.com\/wp-content\/uploads\/2019\/12\/km-america-1.png\" \/>\n\t<meta property=\"og:image:width\" content=\"594\" \/>\n\t<meta property=\"og:image:height\" content=\"888\" \/>\n\t<meta property=\"og:image:type\" content=\"image\/png\" \/>\n<meta name=\"twitter:label1\" content=\"Temps estimat de lectura\" \/>\n\t<meta name=\"twitter:data1\" content=\"1 minut\" \/>\n<script type=\"application\/ld+json\" class=\"yoast-schema-graph\">{\"@context\":\"https:\\\/\\\/schema.org\",\"@graph\":[{\"@type\":\"WebPage\",\"@id\":\"https:\\\/\\\/elenafortuny.com\\\/ca\\\/obras\\\/la-debil-mental\\\/\",\"url\":\"https:\\\/\\\/elenafortuny.com\\\/ca\\\/obras\\\/la-debil-mental\\\/\",\"name\":\"La d\u00e9bil mental - Elena Fortuny\",\"isPartOf\":{\"@id\":\"https:\\\/\\\/elenafortuny.com\\\/ca\\\/#website\"},\"primaryImageOfPage\":{\"@id\":\"https:\\\/\\\/elenafortuny.com\\\/ca\\\/obras\\\/la-debil-mental\\\/#primaryimage\"},\"image\":{\"@id\":\"https:\\\/\\\/elenafortuny.com\\\/ca\\\/obras\\\/la-debil-mental\\\/#primaryimage\"},\"thumbnailUrl\":\"https:\\\/\\\/elenafortuny.com\\\/wp-content\\\/uploads\\\/2019\\\/12\\\/km-america-1.png\",\"datePublished\":\"2019-12-19T13:00:18+00:00\",\"dateModified\":\"2023-10-06T11:04:15+00:00\",\"description\":\"La d\u00e9bil mental de Ariana Harwicz Dramaturgia Alfredo Alonso y Ariana HarwiczDirecci\u00f3n Elena FortunyInterpretaciones Isabelle Bres y Flor BraierAsistencia esc\u00e9nica Carla UfanoDise\u00f1o de iluminaci\u00f3n y sonido Elena FortunyT\u00e9cnico V\u00edctor GarciaDirecci\u00f3n de producci\u00f3n Cristina OsornoProducci\u00f3n ejecutiva Carla UfanoUna producci\u00f3n de CASA AM\u00c8RICA CATALUNYA KM AM\u00c9RICA 2022\",\"breadcrumb\":{\"@id\":\"https:\\\/\\\/elenafortuny.com\\\/ca\\\/obras\\\/la-debil-mental\\\/#breadcrumb\"},\"inLanguage\":\"ca\",\"potentialAction\":[{\"@type\":\"ReadAction\",\"target\":[\"https:\\\/\\\/elenafortuny.com\\\/ca\\\/obras\\\/la-debil-mental\\\/\"]}]},{\"@type\":\"ImageObject\",\"inLanguage\":\"ca\",\"@id\":\"https:\\\/\\\/elenafortuny.com\\\/ca\\\/obras\\\/la-debil-mental\\\/#primaryimage\",\"url\":\"https:\\\/\\\/elenafortuny.com\\\/wp-content\\\/uploads\\\/2019\\\/12\\\/km-america-1.png\",\"contentUrl\":\"https:\\\/\\\/elenafortuny.com\\\/wp-content\\\/uploads\\\/2019\\\/12\\\/km-america-1.png\",\"width\":594,\"height\":888},{\"@type\":\"BreadcrumbList\",\"@id\":\"https:\\\/\\\/elenafortuny.com\\\/ca\\\/obras\\\/la-debil-mental\\\/#breadcrumb\",\"itemListElement\":[{\"@type\":\"ListItem\",\"position\":1,\"name\":\"Portada\",\"item\":\"https:\\\/\\\/elenafortuny.com\\\/ca\\\/\"},{\"@type\":\"ListItem\",\"position\":2,\"name\":\"La d\u00e9bil mental\"}]},{\"@type\":\"WebSite\",\"@id\":\"https:\\\/\\\/elenafortuny.com\\\/ca\\\/#website\",\"url\":\"https:\\\/\\\/elenafortuny.com\\\/ca\\\/\",\"name\":\"Elena Fortuny\",\"description\":\"actriz\",\"potentialAction\":[{\"@type\":\"SearchAction\",\"target\":{\"@type\":\"EntryPoint\",\"urlTemplate\":\"https:\\\/\\\/elenafortuny.com\\\/ca\\\/?s={search_term_string}\"},\"query-input\":{\"@type\":\"PropertyValueSpecification\",\"valueRequired\":true,\"valueName\":\"search_term_string\"}}],\"inLanguage\":\"ca\"}]}<\/script>\n<!-- \/ Yoast SEO plugin. -->","yoast_head_json":{"title":"La d\u00e9bil mental - Elena Fortuny","description":"La d\u00e9bil mental de Ariana Harwicz Dramaturgia Alfredo Alonso y Ariana HarwiczDirecci\u00f3n Elena FortunyInterpretaciones Isabelle Bres y Flor BraierAsistencia esc\u00e9nica Carla UfanoDise\u00f1o de iluminaci\u00f3n y sonido Elena FortunyT\u00e9cnico V\u00edctor GarciaDirecci\u00f3n de producci\u00f3n Cristina OsornoProducci\u00f3n ejecutiva Carla UfanoUna producci\u00f3n de CASA AM\u00c8RICA CATALUNYA KM AM\u00c9RICA 2022","robots":{"index":"index","follow":"follow","max-snippet":"max-snippet:-1","max-image-preview":"max-image-preview:large","max-video-preview":"max-video-preview:-1"},"canonical":"https:\/\/elenafortuny.com\/ca\/obras\/la-debil-mental\/","og_locale":"ca_ES","og_type":"article","og_title":"La d\u00e9bil mental - Elena Fortuny","og_description":"La d\u00e9bil mental de Ariana Harwicz Dramaturgia Alfredo Alonso y Ariana HarwiczDirecci\u00f3n Elena FortunyInterpretaciones Isabelle Bres y Flor BraierAsistencia esc\u00e9nica Carla UfanoDise\u00f1o de iluminaci\u00f3n y sonido Elena FortunyT\u00e9cnico V\u00edctor GarciaDirecci\u00f3n de producci\u00f3n Cristina OsornoProducci\u00f3n ejecutiva Carla UfanoUna producci\u00f3n de CASA AM\u00c8RICA CATALUNYA KM AM\u00c9RICA 2022","og_url":"https:\/\/elenafortuny.com\/ca\/obras\/la-debil-mental\/","og_site_name":"Elena Fortuny","article_modified_time":"2023-10-06T11:04:15+00:00","og_image":[{"width":594,"height":888,"url":"https:\/\/elenafortuny.com\/wp-content\/uploads\/2019\/12\/km-america-1.png","type":"image\/png"}],"twitter_misc":{"Temps estimat de lectura":"1 minut"},"schema":{"@context":"https:\/\/schema.org","@graph":[{"@type":"WebPage","@id":"https:\/\/elenafortuny.com\/ca\/obras\/la-debil-mental\/","url":"https:\/\/elenafortuny.com\/ca\/obras\/la-debil-mental\/","name":"La d\u00e9bil mental - Elena Fortuny","isPartOf":{"@id":"https:\/\/elenafortuny.com\/ca\/#website"},"primaryImageOfPage":{"@id":"https:\/\/elenafortuny.com\/ca\/obras\/la-debil-mental\/#primaryimage"},"image":{"@id":"https:\/\/elenafortuny.com\/ca\/obras\/la-debil-mental\/#primaryimage"},"thumbnailUrl":"https:\/\/elenafortuny.com\/wp-content\/uploads\/2019\/12\/km-america-1.png","datePublished":"2019-12-19T13:00:18+00:00","dateModified":"2023-10-06T11:04:15+00:00","description":"La d\u00e9bil mental de Ariana Harwicz Dramaturgia Alfredo Alonso y Ariana HarwiczDirecci\u00f3n Elena FortunyInterpretaciones Isabelle Bres y Flor BraierAsistencia esc\u00e9nica Carla UfanoDise\u00f1o de iluminaci\u00f3n y sonido Elena FortunyT\u00e9cnico V\u00edctor GarciaDirecci\u00f3n de producci\u00f3n Cristina OsornoProducci\u00f3n ejecutiva Carla UfanoUna producci\u00f3n de CASA AM\u00c8RICA CATALUNYA KM AM\u00c9RICA 2022","breadcrumb":{"@id":"https:\/\/elenafortuny.com\/ca\/obras\/la-debil-mental\/#breadcrumb"},"inLanguage":"ca","potentialAction":[{"@type":"ReadAction","target":["https:\/\/elenafortuny.com\/ca\/obras\/la-debil-mental\/"]}]},{"@type":"ImageObject","inLanguage":"ca","@id":"https:\/\/elenafortuny.com\/ca\/obras\/la-debil-mental\/#primaryimage","url":"https:\/\/elenafortuny.com\/wp-content\/uploads\/2019\/12\/km-america-1.png","contentUrl":"https:\/\/elenafortuny.com\/wp-content\/uploads\/2019\/12\/km-america-1.png","width":594,"height":888},{"@type":"BreadcrumbList","@id":"https:\/\/elenafortuny.com\/ca\/obras\/la-debil-mental\/#breadcrumb","itemListElement":[{"@type":"ListItem","position":1,"name":"Portada","item":"https:\/\/elenafortuny.com\/ca\/"},{"@type":"ListItem","position":2,"name":"La d\u00e9bil mental"}]},{"@type":"WebSite","@id":"https:\/\/elenafortuny.com\/ca\/#website","url":"https:\/\/elenafortuny.com\/ca\/","name":"Elena Fortuny","description":"actriz","potentialAction":[{"@type":"SearchAction","target":{"@type":"EntryPoint","urlTemplate":"https:\/\/elenafortuny.com\/ca\/?s={search_term_string}"},"query-input":{"@type":"PropertyValueSpecification","valueRequired":true,"valueName":"search_term_string"}}],"inLanguage":"ca"}]}},"_links":{"self":[{"href":"https:\/\/elenafortuny.com\/ca\/wp-json\/wp\/v2\/obras\/1872","targetHints":{"allow":["GET"]}}],"collection":[{"href":"https:\/\/elenafortuny.com\/ca\/wp-json\/wp\/v2\/obras"}],"about":[{"href":"https:\/\/elenafortuny.com\/ca\/wp-json\/wp\/v2\/types\/obras"}],"author":[{"embeddable":true,"href":"https:\/\/elenafortuny.com\/ca\/wp-json\/wp\/v2\/users\/3"}],"version-history":[{"count":3,"href":"https:\/\/elenafortuny.com\/ca\/wp-json\/wp\/v2\/obras\/1872\/revisions"}],"predecessor-version":[{"id":2336,"href":"https:\/\/elenafortuny.com\/ca\/wp-json\/wp\/v2\/obras\/1872\/revisions\/2336"}],"wp:featuredmedia":[{"embeddable":true,"href":"https:\/\/elenafortuny.com\/ca\/wp-json\/wp\/v2\/media\/1970"}],"wp:attachment":[{"href":"https:\/\/elenafortuny.com\/ca\/wp-json\/wp\/v2\/media?parent=1872"}],"wp:term":[{"taxonomy":"produccion","embeddable":true,"href":"https:\/\/elenafortuny.com\/ca\/wp-json\/wp\/v2\/produccion?post=1872"}],"curies":[{"name":"wp","href":"https:\/\/api.w.org\/{rel}","templated":true}]}}

La débil mental

<!-- This site is optimized with the Yoast SEO plugin v27.4 - https://yoast.com/product/yoast-seo-wordpress/ -->
<title>La débil mental - Elena Fortuny</title>
<meta name="description" content="La débil mental de Ariana Harwicz Dramaturgia Alfredo Alonso y Ariana HarwiczDirección Elena FortunyInterpretaciones Isabelle Bres y Flor BraierAsistencia escénica Carla UfanoDiseño de iluminación y sonido Elena FortunyTécnico Víctor GarciaDirección de producción Cristina OsornoProducción ejecutiva Carla UfanoUna producción de CASA AMÈRICA CATALUNYA KM AMÉRICA 2022" />
<meta name="robots" content="index, follow, max-snippet:-1, max-image-preview:large, max-video-preview:-1" />
<link rel="canonical" href="https://elenafortuny.com/ca/obras/la-debil-mental/" />
<meta property="og:locale" content="ca_ES" />
<meta property="og:type" content="article" />
<meta property="og:title" content="La débil mental - Elena Fortuny" />
<meta property="og:description" content="La débil mental de Ariana Harwicz Dramaturgia Alfredo Alonso y Ariana HarwiczDirección Elena FortunyInterpretaciones Isabelle Bres y Flor BraierAsistencia escénica Carla UfanoDiseño de iluminación y sonido Elena FortunyTécnico Víctor GarciaDirección de producción Cristina OsornoProducción ejecutiva Carla UfanoUna producción de CASA AMÈRICA CATALUNYA KM AMÉRICA 2022" />
<meta property="og:url" content="https://elenafortuny.com/ca/obras/la-debil-mental/" />
<meta property="og:site_name" content="Elena Fortuny" />
<meta property="article:modified_time" content="2023-10-06T11:04:15+00:00" />
<meta property="og:image" content="https://elenafortuny.com/wp-content/uploads/2019/12/km-america-1.png" />
	<meta property="og:image:width" content="594" />
	<meta property="og:image:height" content="888" />
	<meta property="og:image:type" content="image/png" />
<meta name="twitter:label1" content="Temps estimat de lectura" />
	<meta name="twitter:data1" content="1 minut" />
<script type="application/ld+json" class="yoast-schema-graph">{"@context":"https:\/\/schema.org","@graph":[{"@type":"WebPage","@id":"https:\/\/elenafortuny.com\/ca\/obras\/la-debil-mental\/","url":"https:\/\/elenafortuny.com\/ca\/obras\/la-debil-mental\/","name":"La débil mental - Elena Fortuny","isPartOf":{"@id":"https:\/\/elenafortuny.com\/ca\/#website"},"primaryImageOfPage":{"@id":"https:\/\/elenafortuny.com\/ca\/obras\/la-debil-mental\/#primaryimage"},"image":{"@id":"https:\/\/elenafortuny.com\/ca\/obras\/la-debil-mental\/#primaryimage"},"thumbnailUrl":"https:\/\/elenafortuny.com\/wp-content\/uploads\/2019\/12\/km-america-1.png","datePublished":"2019-12-19T13:00:18+00:00","dateModified":"2023-10-06T11:04:15+00:00","description":"La débil mental de Ariana Harwicz Dramaturgia Alfredo Alonso y Ariana HarwiczDirección Elena FortunyInterpretaciones Isabelle Bres y Flor BraierAsistencia escénica Carla UfanoDiseño de iluminación y sonido Elena FortunyTécnico Víctor GarciaDirección de producción Cristina OsornoProducción ejecutiva Carla UfanoUna producción de CASA AMÈRICA CATALUNYA KM AMÉRICA 2022","breadcrumb":{"@id":"https:\/\/elenafortuny.com\/ca\/obras\/la-debil-mental\/#breadcrumb"},"inLanguage":"ca","potentialAction":[{"@type":"ReadAction","target":["https:\/\/elenafortuny.com\/ca\/obras\/la-debil-mental\/"]}]},{"@type":"ImageObject","inLanguage":"ca","@id":"https:\/\/elenafortuny.com\/ca\/obras\/la-debil-mental\/#primaryimage","url":"https:\/\/elenafortuny.com\/wp-content\/uploads\/2019\/12\/km-america-1.png","contentUrl":"https:\/\/elenafortuny.com\/wp-content\/uploads\/2019\/12\/km-america-1.png","width":594,"height":888},{"@type":"BreadcrumbList","@id":"https:\/\/elenafortuny.com\/ca\/obras\/la-debil-mental\/#breadcrumb","itemListElement":[{"@type":"ListItem","position":1,"name":"Portada","item":"https:\/\/elenafortuny.com\/ca\/"},{"@type":"ListItem","position":2,"name":"La débil mental"}]},{"@type":"WebSite","@id":"https:\/\/elenafortuny.com\/ca\/#website","url":"https:\/\/elenafortuny.com\/ca\/","name":"Elena Fortuny","description":"actriz","potentialAction":[{"@type":"SearchAction","target":{"@type":"EntryPoint","urlTemplate":"https:\/\/elenafortuny.com\/ca\/?s={search_term_string}"},"query-input":{"@type":"PropertyValueSpecification","valueRequired":true,"valueName":"search_term_string"}}],"inLanguage":"ca"}]}</script>
<!-- / Yoast SEO plugin. -->

La débil mental - Elena Fortuny

La débil mental de Ariana Harwicz Dramaturgia Alfredo Alonso y Ariana HarwiczDirección Elena FortunyInterpretaciones Isabelle Bres y Flor BraierAsistencia escénica Carla UfanoDiseño de iluminación y sonido Elena FortunyTécnico Víctor GarciaDirección de producción Cristina OsornoProducción ejecutiva Carla UfanoUna producción de CASA AMÈRICA CATALUNYA KM AMÉRICA 2022
